178.154.200.80 - - [29/Aug/2020:00:31:39 +0200] "GET /wp-json/oembed/1.0/embed?url=https%3A%2F%2Fwp.weridflex.online%2Fwebbutveckling%2Fsultprojekt-i-webbutveckling-c-a%2F&format=xml HTTP/1.1" 200 2968 "-" "Mozilla/5.0 (compatible; YandexBot/3.0; +http://yandex.com/bots)"
195.74.38.96 - - [29/Aug/2020:00:31:41 +0200] "POST /wp-cron.php?doing_wp_cron=1598653900.7046160697937011718750 HTTP/1.1" 200 202 "https://wp.weridflex.online/wp-cron.php?doing_wp_cron=1598653900.7046160697937011718750" "WordPress/5.2.3; https://wp.weridflex.online"
5.255.253.119 - - [29/Aug/2020:00:34:03 +0200] "GET /sample-page/feed/ HTTP/1.1" 200 1258 "-" "Mozilla/5.0 (compatible; YandexBot/3.0; +http://yandex.com/bots)"
5.255.253.172 - - [29/Aug/2020:01:26:18 +0200] "GET /robots.txt HTTP/1.1" 200 362 "-" "Mozilla/5.0 (compatible; YandexBot/3.0; +http://yandex.com/bots)"
195.74.38.96 - - [29/Aug/2020:01:26:19 +0200] "POST /wp-cron.php?doing_wp_cron=1598657179.1782031059265136718750 HTTP/1.1" 200 202 "https://wp.weridflex.online/wp-cron.php?doing_wp_cron=1598657179.1782031059265136718750" "WordPress/5.2.3; https://wp.weridflex.online"
213.180.203.26 - - [29/Aug/2020:01:26:22 +0200] "GET /webbutveckling/sultprojekt-i-webbutveckling-c-a/ HTTP/1.1" 200 39731 "-" "Mozilla/5.0 (compatible; YandexBot/3.0; +http://yandex.com/bots)"
212.129.53.167 - - [29/Aug/2020:02:24:08 +0200] "GET /wp-login.php HTTP/1.1" 200 4411 "-" "Mozilla/5.0 (X11; Ubuntu; Linux x86_64; rv:62.0) Gecko/20100101 Firefox/62.0"
195.74.38.96 - - [29/Aug/2020:02:24:09 +0200] "POST /wp-cron.php?doing_wp_cron=1598660649.8906619548797607421875 HTTP/1.1" 200 221 "http://wp.weridflex.online/wp-cron.php?doing_wp_cron=1598660649.8906619548797607421875" "WordPress/5.2.3; http://wp.weridflex.online"
212.129.53.167 - - [29/Aug/2020:02:24:11 +0200] "POST /wp-login.php HTTP/1.1" 200 5404 "-" "Mozilla/5.0 (X11; Ubuntu; Linux x86_64; rv:62.0) Gecko/20100101 Firefox/62.0"
212.129.53.167 - - [29/Aug/2020:02:24:13 +0200] "GET /wp-login.php HTTP/1.1" 200 4411 "-" "Mozilla/5.0 (X11; Ubuntu; Linux x86_64; rv:62.0) Gecko/20100101 Firefox/62.0"
212.129.53.167 - - [29/Aug/2020:02:24:13 +0200] "POST /wp-login.php HTTP/1.1" 200 5266 "-" "Mozilla/5.0 (X11; Ubuntu; Linux x86_64; rv:62.0) Gecko/20100101 Firefox/62.0"
212.129.53.167 - - [29/Aug/2020:02:24:14 +0200] "POST /xmlrpc.php HTTP/1.1" 403 1371 "-" "Mozilla/5.0 (X11; Ubuntu; Linux x86_64; rv:62.0) Gecko/20100101 Firefox/62.0"
213.180.203.26 - - [29/Aug/2020:08:42:37 +0200] "GET /robots.txt HTTP/1.1" 200 362 "-" "Mozilla/5.0 (compatible; YandexBot/3.0; +http://yandex.com/bots)"
5.255.253.172 - - [29/Aug/2020:08:42:37 +0200] "GET /robots.txt HTTP/1.1" 200 417 "-" "Mozilla/5.0 (compatible; YandexBot/3.0; +http://yandex.com/bots)"
195.74.38.96 - - [29/Aug/2020:08:42:38 +0200] "POST /wp-cron.php?doing_wp_cron=1598683358.1281549930572509765625 HTTP/1.1" 200 221 "http://wp.weridflex.online/wp-cron.php?doing_wp_cron=1598683358.1281549930572509765625" "WordPress/5.2.3; http://wp.weridflex.online"
213.180.203.26 - - [29/Aug/2020:08:42:41 +0200] "GET / HTTP/1.1" 200 40904 "-" "Mozilla/5.0 (compatible; YandexBot/3.0; +http://yandex.com/bots)"
5.255.253.172 - - [29/Aug/2020:08:42:41 +0200] "GET / HTTP/1.1" 200 40990 "-" "Mozilla/5.0 (compatible; YandexBot/3.0; +http://yandex.com/bots)"
51.158.26.188 - - [29/Aug/2020:11:16:52 +0200] "GET /wp-login.php HTTP/1.1" 200 4404 "-" "Mozilla/5.0 (X11; Ubuntu; Linux x86_64; rv:62.0) Gecko/20100101 Firefox/62.0"
195.74.38.96 - - [29/Aug/2020:11:16:54 +0200] "POST /wp-cron.php?doing_wp_cron=1598692614.7128169536590576171875 HTTP/1.1" 200 221 "http://wp.weridflex.online/wp-cron.php?doing_wp_cron=1598692614.7128169536590576171875" "WordPress/5.2.3; http://wp.weridflex.online"
51.158.26.188 - - [29/Aug/2020:11:16:56 +0200] "POST /wp-login.php HTTP/1.1" 200 5404 "-" "Mozilla/5.0 (X11; Ubuntu; Linux x86_64; rv:62.0) Gecko/20100101 Firefox/62.0"
51.158.26.188 - - [29/Aug/2020:11:16:59 +0200] "GET /wp-login.php HTTP/1.1" 200 4411 "-" "Mozilla/5.0 (X11; Ubuntu; Linux x86_64; rv:62.0) Gecko/20100101 Firefox/62.0"
51.158.26.188 - - [29/Aug/2020:11:17:01 +0200] "POST /wp-login.php HTTP/1.1" 200 5266 "-" "Mozilla/5.0 (X11; Ubuntu; Linux x86_64; rv:62.0) Gecko/20100101 Firefox/62.0"
51.158.26.188 - - [29/Aug/2020:11:17:03 +0200] "POST /xmlrpc.php HTTP/1.1" 403 1371 "-" "Mozilla/5.0 (X11; Ubuntu; Linux x86_64; rv:62.0) Gecko/20100101 Firefox/62.0"
209.17.97.18 - - [29/Aug/2020:13:17:23 +0200] "GET / HTTP/1.1" 200 40990 "-" "Mozilla/5.0 (compatible; Nimbostratus-Bot/v1.3.2; http://cloudsystemnetworks.com)"
195.74.38.96 - - [29/Aug/2020:13:17:24 +0200] "POST /wp-cron.php?doing_wp_cron=1598699844.2640690803527832031250 HTTP/1.1" 200 202 "https://wp.weridflex.online/wp-cron.php?doing_wp_cron=1598699844.2640690803527832031250" "WordPress/5.2.3; https://wp.weridflex.online"
66.249.70.5 - - [29/Aug/2020:14:08:46 +0200] "GET /robots.txt HTTP/1.1" 200 417 "-" "Mozilla/5.0 (compatible; Googlebot/2.1; +http://www.google.com/bot.html)"
195.74.38.96 - - [29/Aug/2020:14:08:47 +0200] "POST /wp-cron.php?doing_wp_cron=1598702926.9836640357971191406250 HTTP/1.1" 200 221 "http://wp.weridflex.online/wp-cron.php?doing_wp_cron=1598702926.9836640357971191406250" "WordPress/5.2.3; http://wp.weridflex.online"
66.249.70.5 - - [29/Aug/2020:14:08:50 +0200] "GET /favicon.ico HTTP/1.1" 200 258 "-" "Googlebot-Image/1.0"
54.36.148.3 - - [29/Aug/2020:14:59:00 +0200] "GET /robots.txt HTTP/1.1" 200 362 "-" "Mozilla/5.0 (compatible; AhrefsBot/6.1; +http://ahrefs.com/robot/)"
54.36.148.70 - - [29/Aug/2020:14:59:01 +0200] "GET /2020/01/?print=print-search HTTP/1.1" 200 12101 "-" "Mozilla/5.0 (compatible; AhrefsBot/7.0; +http://ahrefs.com/robot/)"
195.74.38.96 - - [29/Aug/2020:16:44:31 +0200] "POST /wp-cron.php?doing_wp_cron=1598712271.5250220298767089843750 HTTP/1.1" 200 221 "http://wp.weridflex.online/wp-cron.php?doing_wp_cron=1598712271.5250220298767089843750" "WordPress/5.2.3; http://wp.weridflex.online"
198.245.60.109 - - [29/Aug/2020:21:35:58 +0200] "GET /wp-login.php HTTP/1.1" 200 4411 "-" "Mozilla/5.0 (X11; Ubuntu; Linux x86_64; rv:62.0) Gecko/20100101 Firefox/62.0"
195.74.38.96 - - [29/Aug/2020:21:35:59 +0200] "POST /wp-cron.php?doing_wp_cron=1598729759.8137550354003906250000 HTTP/1.1" 200 221 "http://wp.weridflex.online/wp-cron.php?doing_wp_cron=1598729759.8137550354003906250000" "WordPress/5.2.3; http://wp.weridflex.online"
198.245.60.109 - - [29/Aug/2020:21:36:01 +0200] "POST /wp-login.php HTTP/1.1" 200 5404 "-" "Mozilla/5.0 (X11; Ubuntu; Linux x86_64; rv:62.0) Gecko/20100101 Firefox/62.0"
198.245.60.109 - - [29/Aug/2020:21:36:04 +0200] "GET /wp-login.php HTTP/1.1" 200 4411 "-" "Mozilla/5.0 (X11; Ubuntu; Linux x86_64; rv:62.0) Gecko/20100101 Firefox/62.0"
198.245.60.109 - - [29/Aug/2020:21:36:05 +0200] "POST /wp-login.php HTTP/1.1" 200 5266 "-" "Mozilla/5.0 (X11; Ubuntu; Linux x86_64; rv:62.0) Gecko/20100101 Firefox/62.0"
198.245.60.109 - - [29/Aug/2020:21:36:08 +0200] "POST /xmlrpc.php HTTP/1.1" 403 1371 "-" "Mozilla/5.0 (X11; Ubuntu; Linux x86_64; rv:62.0) Gecko/20100101 Firefox/62.0"